-9 + 4 + 7). What is the remainder when (1647/i + (-10)/(-2))*4 is divided by 44?
41
What is the remainder when 4443 is divided by 9*635/(-45)*-1?
125
Suppose -5*a + 18 = 5*o - 217, 5*o = 3*a + 275. Calculate the remainder when 93 is divided by o.
41
Let l = 12810 - 12559. What is the remainder when 11794 is divided by l?
248
What is the remainder when -4 + 2 + (4 + -3 + 208 - 2) is divided by 4?
1
Let o(q) = q**2 + 68*q + 164. What is the remainder when o(-73) is divided by 140?
109
Let m(i) = 5*i**2 + 60*i + 39. What is the remainder when 1374 is divided by m(-12)?
9
Let u(o) = 25*o**2 + 5*o - 5. Let r be u(1). Suppose 12*j - 15*j = 2*v - r, 0 = 5*j - v - 46. Calculate the remainder when 23 is divided by j.
5
Suppose w + 4*d = -128, -4*w + d - 482 = 2*d. Let o = w - -219. Suppose -4*v + o = g, -2*v = 4*g - g - 277. What is the remainder when g is divided by 23?
22
Let d be -4 + 1665/6 + 3/(-2). Suppose 4*z - d = 5*b - 82, 2 = -b. Let n = 5 - -7. What is the remainder when z is divided by n?
9
Let c = -154 - -271. Suppose -117 = -9*q + c. Suppose -73*k + 71*k + q = 0. What is the remainder when 142 is divided by k?
12
Let j be (-2)/(-12) - (-245)/42. Let d(v) = 26*v - 146. What is the remainder when 12 is divided by d(j)?
2
Let o = -1138 + 1409. What is the remainder when o is divided by 46?
41
Let w be 10*9/45 + 784. Let f = w - 770. Suppose 0*p - 60 = -p. Calculate the remainder when p is divided by f.
12
Let d(h) be the third derivative of h**5/60 - h**4/6 + 7*h**3/3 + 21*h**2. Let t be d(5). Suppose 3*j - t = 23. What is the remainder when 53 is divided by j?
11
Let x(d) = -d**3 - 5*d**2 - 9*d - 14. Suppose 4*k - 16 = 2*j, -k = -5*j - 18 - 4. Let p be x(j). Calculate the remainder when 50 - (-3)/(p/4) is divided by 14.
10
Let n(i) = i**2 + 7*i - 1. Suppose -243 = -52*w + 27 + 354. What is the remainder when w is divided by n(-8)?
5
Let m(a) = 2*a**3 + 23*a**2 - 30*a - 9. Suppose 124 - 404 = -4*j. Calculate the remainder when m(-12) is divided by j.
67
Let z(j) be the third derivative of -11*j**6/120 + j**5/20 - j**4/24 + 3*j**2 + 17*j. Let s = -29 - -27. What is the remainder when z(s) is divided by 35?
32
Let d = -628 - -1082. Suppose -d + 474 = 4*p. What is the remainder when -2*(-12)/(-14)*-14 is divided by p?
4
Let m(y) = -6*y**3 - 5*y**2 + 19*y + 36. What is the remainder when 2468 is divided by m(-2)?
24
Let d(f) = -f + 6*f - 3*f - 4*f + f**2 - 12. What is the remainder when d(-6) is divided by 26?
10
Let v(k) = -7*k**2 - k**3 - 17*k**2 - 39 - 2*k + 0*k**2 + 0*k**3. Calculate the remainder when 250 is divided by v(-24).
7
Suppose -2*y = -y - 4*d - 14, -d = 4*y - 5. Suppose -27*l = -283 - 41. Calculate the remainder when y/1 + 65 + 4 is divided by l.
11
Let p(n) = -3*n**3 - 10*n**2 - 5. Suppose -4171 = 5*f - 48*f. What is the remainder when p(-6) is divided by f?
89
Suppose -32*h = -41*h + 2079. Let m = h + -205. Let w(p) = 11*p + 8. What is the remainder when w(6) is divided by m?
22
Let n = -1325 - -622. Let b = -695 - n. Calculate the remainder when 101 is divided by b.
5
Calculate the remainder when 1699 is divided by 16/192*6*2 + 54/1.
49
What is the remainder when ((-6)/51 - 5/((-1020)/1656)) + 684 is divided by 35?
27
Let c = -2569 - -2660. Calculate the remainder when 1542 is divided by c.
86
Calculate the remainder when (-4 - ((11 - -288) + 8))*(-3 - -2) is divided by 305.
6
Let l be 4 + 9 + (-3)/(6/4). Suppose 3 - l = -8*a. Calculate the remainder when 35 is divided by 26 + -6 + (-1 - a).
17
Let t = -2476 - -2594. What is the remainder when 20885 is divided by t?
117
Suppose 4*r - 205 = -h, -1 + 166 = 3*r + 3*h. Let j = r - 54. What is the remainder when 17 is divided by (j/(-36))/((-2)/6)*-18?
5
Suppose 3*f - 15 = 21. Let o(d) = d + 26 - f + 9. Calculate the remainder when 108 is divided by o(14).
34
Suppose 0 = 14*j - 24*j + 30. Suppose -76 = -2*b + 2*q, -j*b = -4*q - 95 - 21. What is the remainder when 2/((-1)/((-105)/2)) is divided by b?
33
Suppose -37778 - 10627 = -1383*u. Let t(w) = -5*w**3 - w**2 + w - w. What is the remainder when u is divided by t(-1)?
3
Let r = 23131 + -23071. Calculate the remainder when 641 is divided by r.
41
Suppose 2*b - 5 = 3*f, -b - 8*f + 7*f = -15. Calculate the remainder when 236 is divided by 40/(85/b - 8).
76
Calculate the remainder when 466 is divided by 10*(-9)/(-18) - (-147 - -4).
22
Let r = -70 - -98. Let n(l) = l**2 - 95*l + 2267. Calculate the remainder when n(26) is divided by r.
25
Let u(s) = 692*s - 4912. Calculate the remainder when u(9) is divided by 35.
21
Let z(x) = x**3 - x**2 - 1. Let a be z(-1). What is the remainder when 208 is divided by -6 + 2 + (a - -22)?
13
Suppose 65 - 5 = p + 3*w, -3*p + 172 = w. Let j = -23 - -28. Calculate the remainder when p is divided by (70/(-4))/j*-6.
15
Suppose -430 = 320*r - 1161 - 2469. Calculate the remainder when r is divided by 2.
0
Suppose 115*w - 618 = 1107. What is the remainder when 569 is divided by w?
14
Let j(b) = b**2 + 12*b + 169. Let s(l) = l**2 + l + 3. What is the remainder when j(-6) is divided by s(6)?
43
Suppose 2*f + 18 = 5*h - 4*h, -f + 2*h = 9. Calculate the remainder when ((-57)/2)/(f*5/60) is divided by 15.
8
What is the remainder when ((-1)/(-2)*2)/(-6 + 10801/1799) is divided by 47?
22
Let z(h) = -9*h + 12. Suppose -4*n + 3*q - 21 = 4*q, -13 = 3*n - 2*q. What is the remainder when z(n) is divided by (-78)/(-3) - (-16)/4?
27
Suppose -8*h - 35 = 45. Let m(c) = -c + 24. Calculate the remainder when 45 is divided by m(h).
11
Let d(h) = h**3 - 2*h**2 + 2*h + 10. Let c be d(-6). Let q = -245 - c. What is the remainder when q is divided by 13?
6
Let z be ((-42)/63)/(4/18). Let r be 84/z + 5 + -3. Let y = r - -50. Calculate the remainder when 47 is divided by y.
23
Suppose -9*d + 4*d = -3*k - 33, 5*k = -5. Suppose d*o - 1476 = -3*o. What is the remainder when o is divided by 33?
32
Let p(a) = -a**2 - 21*a + 73. Calculate the remainder when p(-8) is divided by 133.
44
Let g(y) = 9*y**2 - 35*y + 67. Suppose -a + 56 = 3*j, 8*j + 24 = 10*j - 2*a. Calculate the remainder when g(2) is divided by j.
16
Let l = -17134 - -17406. Let c = -16 + 29. What is the remainder when l is divided by c?
12
Calculate the remainder when 340 is divided by ((-153)/(-27))/((-1)/(-15)).
0
Let s = -1878 + 1893. What is the remainder when 867 is divided by s?
12
Let h = 616 - 566. What is the remainder when 71 is divided by h?
21
Let u be ((192/(-9))/4)/(48/(-216)). Let w be -1 - 0 - 14/(-1). Let h = u - w. Calculate the remainder when 30 is divided by h.
8
Let u(y) = -44*y**2 + 5*y + 8. Let f(l) = -l**2. Let z(a) = 5*f(a) - u(a). What is the remainder when z(-2) is divided by 23?
20
What is the remainder when 2876524/665 + 3/(-5) is divided by 37?
33
Let u(t) = -8*t**2 + 264*t - 25. Calculate the remainder when u(8) is divided by 132.
123
Suppose 44*w - 11*w = 33. Let k = -23 - -68. Suppose 2*s - k = w. Calculate the remainder when 91 is divided by s.
22
Suppose 78 = d + d - 4*x, -5*x - 80 = -2*d. Suppose 3*r = -b + 5*b - 653, -344 = -2*b - 2*r. Calculate the remainder when b is divided by d.
27
Let t be 125169/(-231) + 2/(-14). Calculate the remainder when (-170)/34*t/10 is divided by 34.
33
Let v = -28 - -37. Let l be 2 + 1 + 6/(-6). What is the remainder when (-66)/(-2) - l/(-2) is divided by v?
7
Let v = 386 - 57. Suppose -3*t - 5*z = -299, z + v = 2*t + t. Let s = t - 100. Calculate the remainder when 53 is divided by s.
5
Suppose 0 = -2*u + 8, 2*d - 68 = -2*u + 74. What is the remainder when 108 is divided by d?
41
Suppose w = 3*n - 820, 5*w = 12 - 32. Suppose -3*j = -91 - n. Calculate the remainder when j is divided by 26.
17
Let z(c) = c**3 - 2*c**2 + c + 5. Suppose -24 = -0*x - 4*x. Suppose -3*m = 4*g - 83, -4*m - 4*g + x*g + 74 = 0. What is the remainder when z(4) is divided by m?
20
Suppose 5*h + 3*g = 21282, -555*g = h - 552*g - 4254. Calculate the remainder when h is divided by 12.
9
Let v = 7084 + -7069. What is the remainder when 26 is divided by v?
11
Let u(a) = -a**2 - 70*a + 479. What is the remainder when 198 is divided by u(6)?
14
Suppose 4*i + 4*h - 570 = 6*h, 5*h = -4*i + 591. Let b = 74 - 72. Suppose b*p - i = -16*p. What is the remainder when 108 is divided by p?
4
What is the remainder when 1852 is divided by (-255)/30